{"id":31,"date":"2024-03-22T14:52:09","date_gmt":"2024-03-22T18:52:09","guid":{"rendered":"https:\/\/funvi.gob.ve\/?page_id=31"},"modified":"2024-03-26T15:00:38","modified_gmt":"2024-03-26T19:00:38","slug":"presidente-de-la-fundacion-vivienda-de-g-d-c","status":"publish","type":"page","link":"https:\/\/funvi.gob.ve\/?page_id=31","title":{"rendered":"PRESIDENTE DE LA FUNDACI\u00d3N VIVIENDA"},"content":{"rendered":"\n<figure class=\"wp-block-image size-full\"><img loading=\"lazy\" decoding=\"async\" width=\"400\" height=\"400\" src=\"https:\/\/funvi.gob.ve\/wp-content\/uploads\/2024\/03\/IAeofyiT_400x400.jpg\" alt=\"\" class=\"wp-image-32\"\/><\/figure>\n\n\n\n<p>Num Natanael Fern\u00e1ndez Molina, naci\u00f3 el 26 de abril de 1987, en el Materno Infantil, Parroquia Caricuao, Distrito Capital \u2013 Venezuela, Hijo de Isabel Molina Medina y Juan Ram\u00f3n Fern\u00e1ndez.<\/p>\n\n\n\n<p>Con la llegada del comandante Hugo Ch\u00e1vez a la presidencia de Venezuela el 2 de febrero del a\u00f1o 1999, empiezan las nuevas transformaciones de nuestra patria que se encontraba picada en pedazos y \u00a0sus riquezas entregadas al imperialismo norteamericano por m\u00e1s de 50 a\u00f1os de gobiernos adecos y copeyanos, donde sumergieron en una pobreza extrema a nuestro pueblo, sometido al analfabetismo m\u00e1s alto de sur am\u00e9rica, el Comandante Ch\u00e1vez se transformar\u00eda en una lumbrera, lleno del bolivianismo libertario y de transformaciones necesarias, desde all\u00ed decret\u00f3 la activaci\u00f3n del \u201cPoder Constituyente\u201d, se realiz\u00f3 el refer\u00e9ndum constituyente el 25 de abril de 1999 con el cual modifico la Constituci\u00f3n de 1961, arrancando con nuevos destinos para nuestro pueblo.<\/p>\n\n\n\n<p>A temprana edad se incorpora a los distintos escenarios de luchas y transformaciones pol\u00edticas, sintiendo la llamarada bolivariana del Comandante Hugo Ch\u00e1vez, que guardaban referencias espirituales y humanistas de su padre Juan Ram\u00f3n Fern\u00e1ndez Mendoza, de ah\u00ed empieza a transitar por los senderos de la Revoluci\u00f3n Bolivariana, construyendo al lado de su mentor pol\u00edtico Nahum Fern\u00e1ndez, el cual se encontraba en pleno combate por la soberan\u00eda y la independencia definitiva del pueblo venezolano.<\/p>\n\n\n\n<p>Como joven, desde distintas trincheras de luchas, tanto a nivel pol\u00edtico como institucional, contribuyo al fortalecimiento de las organizaciones estudiantiles y fue promotor de varios movimientos juveniles como el \u201cCabildo Infantil y Juvenil\u201d, donde el m\u00e1rtir de la revoluci\u00f3n Robert Serra fue presidente de esa instancia en el mandato del Alcalde de Caracas Freddy Bernal.<\/p>\n\n\n\n<p>A\u00f1o 2005, asumi\u00f3 el siguiente cargo: promotor social en la Alcald\u00eda Metropolitana de Caracas, donde trabajo como parte del equipo de descolonizaci\u00f3n de caracas, en el proceso de investigaci\u00f3n de la memoria hist\u00f3rica de nuestras ra\u00edces, donde se elev\u00f3 a nuestros ind\u00edgenas como parte fundamental del desarrollo de nuestro proceso independentista.<\/p>\n\n\n\n<p>Desde el a\u00f1o 2006 hasta 2008, en el Instituto Metropolitano de Caracas para la Juventud, fue\u00a0 adjunto a la Coordinaci\u00f3n de Educaci\u00f3n Media y luego designado como Coordinador de Educaci\u00f3n Media, donde asumi\u00f3 como bandera de lucha la organizaci\u00f3n de los distintos movimientos estudiantiles de Caracas, acompa\u00f1ar y reorientar las luchas de los(as) estudiantes que\u00a0 libraban desde las instituciones educativas, impulsar desde las zonas educativas una correlaci\u00f3n entre las acciones del ministerio de educaci\u00f3n y las unidades educativas, revisar las acciones operativas presupuestarias del plan Operativo Anual (POA) que se desarrollaban.<\/p>\n\n\n\n<p>A\u00f1o 2010, asume el cargo: Asesor en la Gerencia de Corresponsabilidad Social del Metro de Caracas, donde desarrollo distintas actividades de campo, durante tres meses, en tres estaciones del Metro: la Hoyada, Bellas Artes y Colegio de Ingenieros, en las cuales realizo la supervisi\u00f3n, seguimiento y control del funcionamiento de dichas estaciones, desde la Gerencia se evaluaban la viabilidad de los proyectos comunitarios que presentaban los Consejos Comunales y Comunas para su aprobaci\u00f3n y ejecuci\u00f3n.<\/p>\n\n\n\n<p>Al pasar del tiempo, en el a\u00f1o 2014 es designado como Coordinador Ejecutivo de la Comisi\u00f3n de Desarrollo Legislativo del Concejo del Municipio Bolivariano Libertador, donde objetivo fundamental fue la Municipalizaci\u00f3n y Lugarizacion del Plan de la Patria a trav\u00e9s de los distintos escenarios legislativos: ordenanzas, reglamentos y acuerdos que se llevaron a cabo mediante mesas de trabajo que se desarrollaban en Caracas, activo en plan denominado \u201cConoce Tu Ordenanza\u201d y el cual se desarroll\u00f3 a trav\u00e9s de los parlamentos comunales, llevando la experiencia de las t\u00e9cnicas legislativas para el fomento del pueblo legislador, implemento la \u201cRuta de la Ordenanza\u201d proceso mediante el cual permiti\u00f3 acelerar los proyectos de ordenanzas, reglamentos y acuerdos para el ordenamiento de nuestra ciudad capital.<\/p>\n\n\n\n<p>Desde el a\u00f1o 2015 hasta el 2020, asume el cargo: Coordinador General de la Presidencia del Concejo del Municipio Bolivariano Libertador, desde dicho espacio asumi\u00f3 la responsabilidad directa del control y supervisi\u00f3n del talento humano y los procesos administrativos, en cuanto a la revisi\u00f3n y\u00a0 elaboraci\u00f3n de los expedientes, seg\u00fan la Ley de contrataciones p\u00fablicas en su modalidad de consulta de precios, la ejecuci\u00f3n del gasto dependiendo de las distintas necesidades de la organizaci\u00f3n y pagos correspondientes en cuanto a los departamentos de presupuesto, finanzas y contabilidad, desarrollo el programa el \u201cConcejo va a la Escuela\u201d, donde se realizaban jornadas de trabajo voluntario con los trabajadores(a) del Concejo Municipal de Caracas en las distintas Unidades Educativas de la ciudad, activo el observatorio hist\u00f3rico \u201cEliezer Otaiza\u201d como parte de la Descolonizaci\u00f3n de Caracas, coadyuvo al fortalecimiento de la \u201cRed Nacional Eliezer Otaiza\u201d, espacio para la construcci\u00f3n de la legislaci\u00f3n en los distintos municipios del pa\u00eds, activaci\u00f3n del \u201cConsejo de Juventud de Caracas Robert Serra\u201d, espacio de encuentro y de crecimiento en cuanto a la legislaci\u00f3n municipal, fundador de la \u201cOrden Robert Serra\u201d, en su \u00danica Clase, para enaltecer la participaci\u00f3n de los(a) j\u00f3venes en sus distintas luchas, contribuyo a la creaci\u00f3n de la \u201cCapellan\u00eda de Caracas\u201d, espacio para el crecimiento espiritual como parte fundamental del ser humano y las buenas costumbres.<\/p>\n\n\n\n<p>Actualmente, en Gobierno del Distrito Capital, desempe\u00f1ando en cargo de Director General de Apoyo a la Gesti\u00f3n, asumiendo nuevamente responsabilidades en el campo jur\u00eddico, en la supervisi\u00f3n y control de los procesos administrativos, en cuanto a la inversi\u00f3n p\u00fablica y el trabajo social, coadyuvando al fortalecimiento de los planes como lo son: \u201cEscuadr\u00f3n Caza Huecos\u201d, \u201cJornada de Atenci\u00f3n el Buen Pastor\u201d, \u201cEscuadr\u00f3n 4X4\u201d los cuales, se centran en la atenci\u00f3n del pueblo venezolano y embellecimiento de espacios p\u00fablicos, \u00e1reas verdes, v\u00edas principales, alcantarillado, entre otros.<\/p>\n\n\n\n<p><strong>CARGOS POL\u00cdTICOS E INSTITUCIONALES<\/strong><\/p>\n\n\n\n<p>Estuvo presente en los acontecimientos del golpe de Estado contra el Comandante Supremo Hugo Ch\u00e1vez en el a\u00f1o 2002 al lado de su mentor pol\u00edtico y hermano Nahum Jefthe Fern\u00e1ndez Molina.\u00a0<\/p>\n\n\n\n<p>Dirigente juvenil de la JVR, como instancia juvenil del partido MVR en el a\u00f1o 2003, como fundador del frente estudiantil en el Liceo \u201cRoberto Mart\u00ednez Centeno\u201d y despu\u00e9s en el \u00a0Liceo \u201cFerm\u00edn Toro\u201d se incorporo al Movimiento Desobediencia Estudiantil (DE) y a los 18 a\u00f1os promotor social de la Alcald\u00eda Metropolitana, dirigente estudiantil en la UCV Escuela de Trabajo Social y Coordinaci\u00f3n de Educaci\u00f3n Media, luego como Asesor a la Gerencia de Corresponsabilidad Social del Metro de Caracas, se alista en las filas del Partido Socialista Unido de Venezuela como militante activo, delegado al segundo Congreso de la JPSUV como instancia juvenil del PSUV y Coordinador Ejecutivo de la Comisi\u00f3n de Desarrollo Legislativo del Concejo Municipal de Caracas, precandidato a Diputado de la Asamblea Nacional por el PSUV, responsable por la comisi\u00f3n de Movimientos Sociales del PSUV-Caracas y asume la Coordinador General de Presidencia del Concejo Municipal de Caracas, delegado del congreso de la patria, miembro del equipo pol\u00edtico de la Parroquia Caricuao responsable de movimientos sociales, precandidato a Concejal Municipal de Caracas por el circuito n\u00famero 6, jefe de organizaci\u00f3n del PSUV de la Parroquia Caricuao, Coordinador Pol\u00edtico de la Parroquia Caricuao, asumi\u00f3 el cargo de Director General de Apoyo a la Gesti\u00f3n del Gobierno de Distrito Capital, actualmente asume como enlace circuital del circuito 5 de Caracas y como Presidente de la Fundaci\u00f3n Vivienda del Distrito Capital (FUNVI).<\/p>\n","protected":false},"excerpt":{"rendered":"<p>Num Natanael Fern\u00e1ndez Molina, naci\u00f3 el 26 de abril de 1987, en el Materno Infantil, Parroquia Caricuao, Distrito Capital \u2013 Venezuela, Hijo de Isabel Molina Medina y Juan Ram\u00f3n Fern\u00e1ndez. Con la llegada del comandante Hugo Ch\u00e1vez a la presidencia de Venezuela el 2 de febrero del a\u00f1o 1999, empiezan las nuevas transformaciones de nuestra [&hellip;]<\/p>\n","protected":false},"author":2,"featured_media":0,"parent":0,"menu_order":0,"comment_status":"closed","ping_status":"closed","template":"","meta":{"footnotes":""},"class_list":["post-31","page","type-page","status-publish","hentry"],"yoast_head":"<!-- This site is optimized with the Yoast SEO plugin v23.3 - https:\/\/yoast.com\/wordpress\/plugins\/seo\/ -->\n<title>PRESIDENTE DE LA FUNDACI\u00d3N VIVIENDA - FUNVI<\/title>\n<meta name=\"robots\" content=\"index, follow, max-snippet:-1, max-image-preview:large, max-video-preview:-1\" \/>\n<link rel=\"canonical\" href=\"https:\/\/funvi.gob.ve\/?page_id=31\" \/>\n<meta property=\"og:locale\" content=\"es_ES\" \/>\n<meta property=\"og:type\" content=\"article\" \/>\n<meta property=\"og:title\" content=\"PRESIDENTE DE LA FUNDACI\u00d3N VIVIENDA - FUNVI\" \/>\n<meta property=\"og:description\" content=\"Num Natanael Fern\u00e1ndez Molina, naci\u00f3 el 26 de abril de 1987, en el Materno Infantil, Parroquia Caricuao, Distrito Capital \u2013 Venezuela, Hijo de Isabel Molina Medina y Juan Ram\u00f3n Fern\u00e1ndez. Con la llegada del comandante Hugo Ch\u00e1vez a la presidencia de Venezuela el 2 de febrero del a\u00f1o 1999, empiezan las nuevas transformaciones de nuestra [&hellip;]\" \/>\n<meta property=\"og:url\" content=\"https:\/\/funvi.gob.ve\/?page_id=31\" \/>\n<meta property=\"og:site_name\" content=\"FUNVI\" \/>\n<meta property=\"article:publisher\" content=\"https:\/\/www.facebook.com\/funvi.gdc.10\" \/>\n<meta property=\"article:modified_time\" content=\"2024-03-26T19:00:38+00:00\" \/>\n<meta property=\"og:image\" content=\"https:\/\/funvi.gob.ve\/wp-content\/uploads\/2024\/03\/IAeofyiT_400x400.jpg\" \/>\n<meta name=\"twitter:card\" content=\"summary_large_image\" \/>\n<meta name=\"twitter:site\" content=\"@gdcfunvl\" \/>\n<meta name=\"twitter:label1\" content=\"Tiempo estimado de lectura\" \/>\n\t<meta name=\"twitter:data1\" content=\"6 minutos\" \/>\n<script type=\"application\/ld+json\" class=\"yoast-schema-graph\">{\"@context\":\"https:\/\/schema.org\",\"@graph\":[{\"@type\":\"WebPage\",\"@id\":\"https:\/\/funvi.gob.ve\/?page_id=31\",\"url\":\"https:\/\/funvi.gob.ve\/?page_id=31\",\"name\":\"PRESIDENTE DE LA FUNDACI\u00d3N VIVIENDA - FUNVI\",\"isPartOf\":{\"@id\":\"https:\/\/funvi.gob.ve\/#website\"},\"primaryImageOfPage\":{\"@id\":\"https:\/\/funvi.gob.ve\/?page_id=31#primaryimage\"},\"image\":{\"@id\":\"https:\/\/funvi.gob.ve\/?page_id=31#primaryimage\"},\"thumbnailUrl\":\"https:\/\/funvi.gob.ve\/wp-content\/uploads\/2024\/03\/IAeofyiT_400x400.jpg\",\"datePublished\":\"2024-03-22T18:52:09+00:00\",\"dateModified\":\"2024-03-26T19:00:38+00:00\",\"breadcrumb\":{\"@id\":\"https:\/\/funvi.gob.ve\/?page_id=31#breadcrumb\"},\"inLanguage\":\"es\",\"potentialAction\":[{\"@type\":\"ReadAction\",\"target\":[\"https:\/\/funvi.gob.ve\/?page_id=31\"]}]},{\"@type\":\"ImageObject\",\"inLanguage\":\"es\",\"@id\":\"https:\/\/funvi.gob.ve\/?page_id=31#primaryimage\",\"url\":\"https:\/\/funvi.gob.ve\/wp-content\/uploads\/2024\/03\/IAeofyiT_400x400.jpg\",\"contentUrl\":\"https:\/\/funvi.gob.ve\/wp-content\/uploads\/2024\/03\/IAeofyiT_400x400.jpg\",\"width\":400,\"height\":400},{\"@type\":\"BreadcrumbList\",\"@id\":\"https:\/\/funvi.gob.ve\/?page_id=31#breadcrumb\",\"itemListElement\":[{\"@type\":\"ListItem\",\"position\":1,\"name\":\"Portada\",\"item\":\"https:\/\/funvi.gob.ve\/\"},{\"@type\":\"ListItem\",\"position\":2,\"name\":\"PRESIDENTE DE LA FUNDACI\u00d3N VIVIENDA\"}]},{\"@type\":\"WebSite\",\"@id\":\"https:\/\/funvi.gob.ve\/#website\",\"url\":\"https:\/\/funvi.gob.ve\/\",\"name\":\"FUNVI\",\"description\":\"Fundaci\u00f3n Vivienda\",\"publisher\":{\"@id\":\"https:\/\/funvi.gob.ve\/#organization\"},\"potentialAction\":[{\"@type\":\"SearchAction\",\"target\":{\"@type\":\"EntryPoint\",\"urlTemplate\":\"https:\/\/funvi.gob.ve\/?s={search_term_string}\"},\"query-input\":\"required name=search_term_string\"}],\"inLanguage\":\"es\"},{\"@type\":\"Organization\",\"@id\":\"https:\/\/funvi.gob.ve\/#organization\",\"name\":\"FUNVI\",\"url\":\"https:\/\/funvi.gob.ve\/\",\"logo\":{\"@type\":\"ImageObject\",\"inLanguage\":\"es\",\"@id\":\"https:\/\/funvi.gob.ve\/#\/schema\/logo\/image\/\",\"url\":\"https:\/\/funvi.gob.ve\/wp-content\/uploads\/2024\/03\/FUNVI.jpg\",\"contentUrl\":\"https:\/\/funvi.gob.ve\/wp-content\/uploads\/2024\/03\/FUNVI.jpg\",\"width\":225,\"height\":225,\"caption\":\"FUNVI\"},\"image\":{\"@id\":\"https:\/\/funvi.gob.ve\/#\/schema\/logo\/image\/\"},\"sameAs\":[\"https:\/\/www.facebook.com\/funvi.gdc.10\",\"https:\/\/x.com\/gdcfunvl\",\"https:\/\/www.instagram.com\/gdcfunvi\/\"]}]}<\/script>\n<!-- \/ Yoast SEO plugin. -->","yoast_head_json":{"title":"PRESIDENTE DE LA FUNDACI\u00d3N VIVIENDA - FUNVI","robots":{"index":"index","follow":"follow","max-snippet":"max-snippet:-1","max-image-preview":"max-image-preview:large","max-video-preview":"max-video-preview:-1"},"canonical":"https:\/\/funvi.gob.ve\/?page_id=31","og_locale":"es_ES","og_type":"article","og_title":"PRESIDENTE DE LA FUNDACI\u00d3N VIVIENDA - FUNVI","og_description":"Num Natanael Fern\u00e1ndez Molina, naci\u00f3 el 26 de abril de 1987, en el Materno Infantil, Parroquia Caricuao, Distrito Capital \u2013 Venezuela, Hijo de Isabel Molina Medina y Juan Ram\u00f3n Fern\u00e1ndez. Con la llegada del comandante Hugo Ch\u00e1vez a la presidencia de Venezuela el 2 de febrero del a\u00f1o 1999, empiezan las nuevas transformaciones de nuestra [&hellip;]","og_url":"https:\/\/funvi.gob.ve\/?page_id=31","og_site_name":"FUNVI","article_publisher":"https:\/\/www.facebook.com\/funvi.gdc.10","article_modified_time":"2024-03-26T19:00:38+00:00","og_image":[{"url":"https:\/\/funvi.gob.ve\/wp-content\/uploads\/2024\/03\/IAeofyiT_400x400.jpg"}],"twitter_card":"summary_large_image","twitter_site":"@gdcfunvl","twitter_misc":{"Tiempo estimado de lectura":"6 minutos"},"schema":{"@context":"https:\/\/schema.org","@graph":[{"@type":"WebPage","@id":"https:\/\/funvi.gob.ve\/?page_id=31","url":"https:\/\/funvi.gob.ve\/?page_id=31","name":"PRESIDENTE DE LA FUNDACI\u00d3N VIVIENDA - FUNVI","isPartOf":{"@id":"https:\/\/funvi.gob.ve\/#website"},"primaryImageOfPage":{"@id":"https:\/\/funvi.gob.ve\/?page_id=31#primaryimage"},"image":{"@id":"https:\/\/funvi.gob.ve\/?page_id=31#primaryimage"},"thumbnailUrl":"https:\/\/funvi.gob.ve\/wp-content\/uploads\/2024\/03\/IAeofyiT_400x400.jpg","datePublished":"2024-03-22T18:52:09+00:00","dateModified":"2024-03-26T19:00:38+00:00","breadcrumb":{"@id":"https:\/\/funvi.gob.ve\/?page_id=31#breadcrumb"},"inLanguage":"es","potentialAction":[{"@type":"ReadAction","target":["https:\/\/funvi.gob.ve\/?page_id=31"]}]},{"@type":"ImageObject","inLanguage":"es","@id":"https:\/\/funvi.gob.ve\/?page_id=31#primaryimage","url":"https:\/\/funvi.gob.ve\/wp-content\/uploads\/2024\/03\/IAeofyiT_400x400.jpg","contentUrl":"https:\/\/funvi.gob.ve\/wp-content\/uploads\/2024\/03\/IAeofyiT_400x400.jpg","width":400,"height":400},{"@type":"BreadcrumbList","@id":"https:\/\/funvi.gob.ve\/?page_id=31#breadcrumb","itemListElement":[{"@type":"ListItem","position":1,"name":"Portada","item":"https:\/\/funvi.gob.ve\/"},{"@type":"ListItem","position":2,"name":"PRESIDENTE DE LA FUNDACI\u00d3N VIVIENDA"}]},{"@type":"WebSite","@id":"https:\/\/funvi.gob.ve\/#website","url":"https:\/\/funvi.gob.ve\/","name":"FUNVI","description":"Fundaci\u00f3n Vivienda","publisher":{"@id":"https:\/\/funvi.gob.ve\/#organization"},"potentialAction":[{"@type":"SearchAction","target":{"@type":"EntryPoint","urlTemplate":"https:\/\/funvi.gob.ve\/?s={search_term_string}"},"query-input":"required name=search_term_string"}],"inLanguage":"es"},{"@type":"Organization","@id":"https:\/\/funvi.gob.ve\/#organization","name":"FUNVI","url":"https:\/\/funvi.gob.ve\/","logo":{"@type":"ImageObject","inLanguage":"es","@id":"https:\/\/funvi.gob.ve\/#\/schema\/logo\/image\/","url":"https:\/\/funvi.gob.ve\/wp-content\/uploads\/2024\/03\/FUNVI.jpg","contentUrl":"https:\/\/funvi.gob.ve\/wp-content\/uploads\/2024\/03\/FUNVI.jpg","width":225,"height":225,"caption":"FUNVI"},"image":{"@id":"https:\/\/funvi.gob.ve\/#\/schema\/logo\/image\/"},"sameAs":["https:\/\/www.facebook.com\/funvi.gdc.10","https:\/\/x.com\/gdcfunvl","https:\/\/www.instagram.com\/gdcfunvi\/"]}]}},"jetpack_sharing_enabled":true,"_links":{"self":[{"href":"https:\/\/funvi.gob.ve\/index.php?rest_route=\/wp\/v2\/pages\/31"}],"collection":[{"href":"https:\/\/funvi.gob.ve\/index.php?rest_route=\/wp\/v2\/pages"}],"about":[{"href":"https:\/\/funvi.gob.ve\/index.php?rest_route=\/wp\/v2\/types\/page"}],"author":[{"embeddable":true,"href":"https:\/\/funvi.gob.ve\/index.php?rest_route=\/wp\/v2\/users\/2"}],"replies":[{"embeddable":true,"href":"https:\/\/funvi.gob.ve\/index.php?rest_route=%2Fwp%2Fv2%2Fcomments&post=31"}],"version-history":[{"count":3,"href":"https:\/\/funvi.gob.ve\/index.php?rest_route=\/wp\/v2\/pages\/31\/revisions"}],"predecessor-version":[{"id":89,"href":"https:\/\/funvi.gob.ve\/index.php?rest_route=\/wp\/v2\/pages\/31\/revisions\/89"}],"wp:attachment":[{"href":"https:\/\/funvi.gob.ve\/index.php?rest_route=%2Fwp%2Fv2%2Fmedia&parent=31"}],"curies":[{"name":"wp","href":"https:\/\/api.w.org\/{rel}","templated":true}]}}